[INFO] fetching crate simd 0.2.4...
[INFO] checking simd-0.2.4 against master#af3c6e733a40e671550e0f0f5aeecaa13772ba56 for pr-74989
[INFO] extracting crate simd 0.2.4 into /workspace/builds/worker-3/source
[INFO] validating manifest of crates.io crate simd 0.2.4 on toolchain af3c6e733a40e671550e0f0f5aeecaa13772ba56
[INFO] running `Command { std: "/workspace/cargo-home/bin/cargo" "+af3c6e733a40e671550e0f0f5aeecaa13772ba56" "read-manifest" "--manifest-path" "Cargo.toml", kill_on_drop: false }`
[INFO] started tweaking crates.io crate simd 0.2.4
[INFO] finished tweaking crates.io crate simd 0.2.4
[INFO] tweaked toml for crates.io crate simd 0.2.4 written to /workspace/builds/worker-3/source/Cargo.toml
[INFO] running `Command { std: "/workspace/cargo-home/bin/cargo" "+af3c6e733a40e671550e0f0f5aeecaa13772ba56" "generate-lockfile" "--manifest-path" "Cargo.toml" "-Zno-index-update", kill_on_drop: false }`
[INFO] running `Command { std: "/workspace/cargo-home/bin/cargo" "+af3c6e733a40e671550e0f0f5aeecaa13772ba56" "fetch" "--locked" "--manifest-path" "Cargo.toml", kill_on_drop: false }`
[INFO] running `Command { std: "docker" "create" "-v" "/var/lib/crater-agent-workspace/builds/worker-3/target:/opt/rustwide/target:rw,Z" "-v" "/var/lib/crater-agent-workspace/builds/worker-3/source:/opt/rustwide/workdir:ro,Z" "-v" "/var/lib/crater-agent-workspace/cargo-home:/opt/rustwide/cargo-home:ro,Z" "-v" "/var/lib/crater-agent-workspace/rustup-home:/opt/rustwide/rustup-home:ro,Z" "-e" "SOURCE_DIR=/opt/rustwide/workdir" "-e" "CARGO_TARGET_DIR=/opt/rustwide/target" "-e" "CARGO_HOME=/opt/rustwide/cargo-home" "-e" "RUSTUP_HOME=/opt/rustwide/rustup-home" "-w" "/opt/rustwide/workdir" "-m" "1610612736" "--user" "0:0" "--network" "none" "rustops/crates-build-env@sha256:d92eaeed33fa75130ca1ee6c8a01d1ffb62bac859dfdfb3450e3e5d1c0146529" "/opt/rustwide/cargo-home/bin/cargo" "+af3c6e733a40e671550e0f0f5aeecaa13772ba56" "metadata" "--no-deps" "--format-version=1", kill_on_drop: false }`
[INFO] [stdout] 1b0d73a1e160c417d94e7e7790f4131aca5e746cdedd5813e112109dd6c633e1
[INFO] [stderr] WARNING: Your kernel does not support swap limit capabilities or the cgroup is not mounted. Memory limited without swap.
[INFO] running `Command { std: "docker" "start" "-a" "1b0d73a1e160c417d94e7e7790f4131aca5e746cdedd5813e112109dd6c633e1", kill_on_drop: false }`
[INFO] running `Command { std: "docker" "inspect" "1b0d73a1e160c417d94e7e7790f4131aca5e746cdedd5813e112109dd6c633e1", kill_on_drop: false }`
[INFO] running `Command { std: "docker" "rm" "-f" "1b0d73a1e160c417d94e7e7790f4131aca5e746cdedd5813e112109dd6c633e1", kill_on_drop: false }`
[INFO] [stdout] 1b0d73a1e160c417d94e7e7790f4131aca5e746cdedd5813e112109dd6c633e1
[INFO] running `Command { std: "docker" "create" "-v" "/var/lib/crater-agent-workspace/builds/worker-3/target:/opt/rustwide/target:rw,Z" "-v" "/var/lib/crater-agent-workspace/builds/worker-3/source:/opt/rustwide/workdir:ro,Z" "-v" "/var/lib/crater-agent-workspace/cargo-home:/opt/rustwide/cargo-home:ro,Z" "-v" "/var/lib/crater-agent-workspace/rustup-home:/opt/rustwide/rustup-home:ro,Z" "-e" "SOURCE_DIR=/opt/rustwide/workdir" "-e" "CARGO_TARGET_DIR=/opt/rustwide/target" "-e" "CARGO_INCREMENTAL=0" "-e" "RUST_BACKTRACE=full" "-e" "RUSTFLAGS=--cap-lints=forbid" "-e" "CARGO_HOME=/opt/rustwide/cargo-home" "-e" "RUSTUP_HOME=/opt/rustwide/rustup-home" "-w" "/opt/rustwide/workdir" "-m" "1610612736" "--user" "0:0" "--network" "none" "rustops/crates-build-env@sha256:d92eaeed33fa75130ca1ee6c8a01d1ffb62bac859dfdfb3450e3e5d1c0146529" "/opt/rustwide/cargo-home/bin/cargo" "+af3c6e733a40e671550e0f0f5aeecaa13772ba56" "check" "--frozen" "--all" "--all-targets" "--message-format=json", kill_on_drop: false }`
[INFO] [stderr] WARNING: Your kernel does not support swap limit capabilities or the cgroup is not mounted. Memory limited without swap.
[INFO] [stdout] 0c58d74cd45432610760fd7c6b6e5523ca4607cf37d254c70af872b86393b7bc
[INFO] running `Command { std: "docker" "start" "-a" "0c58d74cd45432610760fd7c6b6e5523ca4607cf37d254c70af872b86393b7bc", kill_on_drop: false }`
[INFO] [stderr]    Compiling simd v0.2.4 (/opt/rustwide/workdir)
[INFO] [stderr]     Checking cfg-if v0.1.10
[INFO] [stdout] error[E0277]: the trait bound `U: Simd` is not satisfied
[INFO] [stdout]    --> src/lib.rs:185:19
[INFO] [stdout]     |
[INFO] [stdout] 58  | pub unsafe trait Simd {
[INFO] [stdout]     |                  ---- required by a bound in this
[INFO] [stdout] 59  |     /// The corresponding boolean vector type.
[INFO] [stdout] 60  |     type Bool: Simd;
[INFO] [stdout]     |                ---- required by this bound in `Simd`
[INFO] [stdout] ...
[INFO] [stdout] 185 |     fn simd_eq<T: Simd<Bool = U>, U>(x: T, y: T) -> U;
[INFO] [stdout]     |                   ^^^^^^^^^^^^^^ the trait `Simd` is not implemented for `U`
[INFO] [stdout] 
[INFO] [stdout] 
[INFO] [stdout] error[E0277]: the trait bound `U: Simd` is not satisfied
[INFO] [stdout]    --> src/lib.rs:186:19
[INFO] [stdout]     |
[INFO] [stdout] 58  | pub unsafe trait Simd {
[INFO] [stdout]     |                  ---- required by a bound in this
[INFO] [stdout] 59  |     /// The corresponding boolean vector type.
[INFO] [stdout] 60  |     type Bool: Simd;
[INFO] [stdout]     |                ---- required by this bound in `Simd`
[INFO] [stdout] ...
[INFO] [stdout] 186 |     fn simd_ne<T: Simd<Bool = U>, U>(x: T, y: T) -> U;
[INFO] [stdout]     |                   ^^^^^^^^^^^^^^ the trait `Simd` is not implemented for `U`
[INFO] [stdout] 
[INFO] [stdout] 
[INFO] [stdout] error[E0277]: the trait bound `U: Simd` is not satisfied
[INFO] [stdout]    --> src/lib.rs:187:19
[INFO] [stdout]     |
[INFO] [stdout] 58  | pub unsafe trait Simd {
[INFO] [stdout]     |                  ---- required by a bound in this
[INFO] [stdout] 59  |     /// The corresponding boolean vector type.
[INFO] [stdout] 60  |     type Bool: Simd;
[INFO] [stdout]     |                ---- required by this bound in `Simd`
[INFO] [stdout] ...
[INFO] [stdout] 187 |     fn simd_lt<T: Simd<Bool = U>, U>(x: T, y: T) -> U;
[INFO] [stdout]     |                   ^^^^^^^^^^^^^^ the trait `Simd` is not implemented for `U`
[INFO] [stdout] 
[INFO] [stdout] 
[INFO] [stdout] error[E0277]: the trait bound `U: Simd` is not satisfied
[INFO] [stdout]    --> src/lib.rs:188:19
[INFO] [stdout]     |
[INFO] [stdout] 58  | pub unsafe trait Simd {
[INFO] [stdout]     |                  ---- required by a bound in this
[INFO] [stdout] 59  |     /// The corresponding boolean vector type.
[INFO] [stdout] 60  |     type Bool: Simd;
[INFO] [stdout]     |                ---- required by this bound in `Simd`
[INFO] [stdout] ...
[INFO] [stdout] 188 |     fn simd_le<T: Simd<Bool = U>, U>(x: T, y: T) -> U;
[INFO] [stdout]     |                   ^^^^^^^^^^^^^^ the trait `Simd` is not implemented for `U`
[INFO] [stdout] 
[INFO] [stdout] 
[INFO] [stdout] error[E0277]: the trait bound `U: Simd` is not satisfied
[INFO] [stdout]    --> src/lib.rs:189:19
[INFO] [stdout]     |
[INFO] [stdout] 58  | pub unsafe trait Simd {
[INFO] [stdout]     |                  ---- required by a bound in this
[INFO] [stdout] 59  |     /// The corresponding boolean vector type.
[INFO] [stdout] 60  |     type Bool: Simd;
[INFO] [stdout]     |                ---- required by this bound in `Simd`
[INFO] [stdout] ...
[INFO] [stdout] 189 |     fn simd_gt<T: Simd<Bool = U>, U>(x: T, y: T) -> U;
[INFO] [stdout]     |                   ^^^^^^^^^^^^^^ the trait `Simd` is not implemented for `U`
[INFO] [stdout] 
[INFO] [stdout] 
[INFO] [stdout] error[E0277]: the trait bound `U: Simd` is not satisfied
[INFO] [stdout]    --> src/lib.rs:190:19
[INFO] [stdout]     |
[INFO] [stdout] 58  | pub unsafe trait Simd {
[INFO] [stdout]     |                  ---- required by a bound in this
[INFO] [stdout] 59  |     /// The corresponding boolean vector type.
[INFO] [stdout] 60  |     type Bool: Simd;
[INFO] [stdout]     |                ---- required by this bound in `Simd`
[INFO] [stdout] ...
[INFO] [stdout] 190 |     fn simd_ge<T: Simd<Bool = U>, U>(x: T, y: T) -> U;
[INFO] [stdout]     |                   ^^^^^^^^^^^^^^ the trait `Simd` is not implemented for `U`
[INFO] [stdout] 
[INFO] [stdout] 
[INFO] [stdout] error: aborting due to 6 previous errors
[INFO] [stdout] 
[INFO] [stdout] 
[INFO] [stdout] For more information about this error, try `rustc --explain E0277`.
[INFO] [stdout] 
[INFO] [stderr] error: could not compile `simd`.
[INFO] [stderr] 
[INFO] [stderr] To learn more, run the command again with --verbose.
[INFO] [stderr] warning: build failed, waiting for other jobs to finish...
[INFO] [stdout] error[E0277]: the trait bound `U: Simd` is not satisfied
[INFO] [stdout]    --> src/lib.rs:185:19
[INFO] [stdout]     |
[INFO] [stdout] 58  | pub unsafe trait Simd {
[INFO] [stdout]     |                  ---- required by a bound in this
[INFO] [stdout] 59  |     /// The corresponding boolean vector type.
[INFO] [stdout] 60  |     type Bool: Simd;
[INFO] [stdout]     |                ---- required by this bound in `Simd`
[INFO] [stdout] ...
[INFO] [stdout] 185 |     fn simd_eq<T: Simd<Bool = U>, U>(x: T, y: T) -> U;
[INFO] [stdout]     |                   ^^^^^^^^^^^^^^ the trait `Simd` is not implemented for `U`
[INFO] [stdout] 
[INFO] [stdout] 
[INFO] [stdout] error[E0277]: the trait bound `U: Simd` is not satisfied
[INFO] [stdout]    --> src/lib.rs:186:19
[INFO] [stdout]     |
[INFO] [stdout] 58  | pub unsafe trait Simd {
[INFO] [stdout]     |                  ---- required by a bound in this
[INFO] [stdout] 59  |     /// The corresponding boolean vector type.
[INFO] [stdout] 60  |     type Bool: Simd;
[INFO] [stdout]     |                ---- required by this bound in `Simd`
[INFO] [stdout] ...
[INFO] [stdout] 186 |     fn simd_ne<T: Simd<Bool = U>, U>(x: T, y: T) -> U;
[INFO] [stdout]     |                   ^^^^^^^^^^^^^^ the trait `Simd` is not implemented for `U`
[INFO] [stdout] 
[INFO] [stdout] 
[INFO] [stdout] error[E0277]: the trait bound `U: Simd` is not satisfied
[INFO] [stdout]    --> src/lib.rs:187:19
[INFO] [stdout]     |
[INFO] [stdout] 58  | pub unsafe trait Simd {
[INFO] [stdout]     |                  ---- required by a bound in this
[INFO] [stdout] 59  |     /// The corresponding boolean vector type.
[INFO] [stdout] 60  |     type Bool: Simd;
[INFO] [stdout]     |                ---- required by this bound in `Simd`
[INFO] [stdout] ...
[INFO] [stdout] 187 |     fn simd_lt<T: Simd<Bool = U>, U>(x: T, y: T) -> U;
[INFO] [stdout]     |                   ^^^^^^^^^^^^^^ the trait `Simd` is not implemented for `U`
[INFO] [stdout] 
[INFO] [stdout] 
[INFO] [stdout] error[E0277]: the trait bound `U: Simd` is not satisfied
[INFO] [stdout]    --> src/lib.rs:188:19
[INFO] [stdout]     |
[INFO] [stdout] 58  | pub unsafe trait Simd {
[INFO] [stdout]     |                  ---- required by a bound in this
[INFO] [stdout] 59  |     /// The corresponding boolean vector type.
[INFO] [stdout] 60  |     type Bool: Simd;
[INFO] [stdout]     |                ---- required by this bound in `Simd`
[INFO] [stdout] ...
[INFO] [stdout] 188 |     fn simd_le<T: Simd<Bool = U>, U>(x: T, y: T) -> U;
[INFO] [stdout]     |                   ^^^^^^^^^^^^^^ the trait `Simd` is not implemented for `U`
[INFO] [stdout] 
[INFO] [stdout] 
[INFO] [stdout] error[E0277]: the trait bound `U: Simd` is not satisfied
[INFO] [stdout]    --> src/lib.rs:189:19
[INFO] [stdout]     |
[INFO] [stdout] 58  | pub unsafe trait Simd {
[INFO] [stdout]     |                  ---- required by a bound in this
[INFO] [stdout] 59  |     /// The corresponding boolean vector type.
[INFO] [stdout] 60  |     type Bool: Simd;
[INFO] [stdout]     |                ---- required by this bound in `Simd`
[INFO] [stdout] ...
[INFO] [stdout] 189 |     fn simd_gt<T: Simd<Bool = U>, U>(x: T, y: T) -> U;
[INFO] [stdout]     |                   ^^^^^^^^^^^^^^ the trait `Simd` is not implemented for `U`
[INFO] [stdout] 
[INFO] [stdout] 
[INFO] [stdout] error[E0277]: the trait bound `U: Simd` is not satisfied
[INFO] [stdout]    --> src/lib.rs:190:19
[INFO] [stdout]     |
[INFO] [stdout] 58  | pub unsafe trait Simd {
[INFO] [stdout]     |                  ---- required by a bound in this
[INFO] [stdout] 59  |     /// The corresponding boolean vector type.
[INFO] [stdout] 60  |     type Bool: Simd;
[INFO] [stdout]     |                ---- required by this bound in `Simd`
[INFO] [stdout] ...
[INFO] [stdout] 190 |     fn simd_ge<T: Simd<Bool = U>, U>(x: T, y: T) -> U;
[INFO] [stdout]     |                   ^^^^^^^^^^^^^^ the trait `Simd` is not implemented for `U`
[INFO] [stdout] 
[INFO] [stdout] 
[INFO] [stdout] error: aborting due to 6 previous errors
[INFO] [stdout] 
[INFO] [stdout] 
[INFO] [stdout] For more information about this error, try `rustc --explain E0277`.
[INFO] [stdout] 
[INFO] [stderr] error: build failed
[INFO] running `Command { std: "docker" "inspect" "0c58d74cd45432610760fd7c6b6e5523ca4607cf37d254c70af872b86393b7bc", kill_on_drop: false }`
[INFO] running `Command { std: "docker" "rm" "-f" "0c58d74cd45432610760fd7c6b6e5523ca4607cf37d254c70af872b86393b7bc", kill_on_drop: false }`
[INFO] [stdout] 0c58d74cd45432610760fd7c6b6e5523ca4607cf37d254c70af872b86393b7bc
